p - 4 = 12. Let j = -54 + 8. Let b = j + 79. Calculate the remainder when b is divided by s.
15
Let n(t) = 18*t**2 - 3*t + 2. What is the remainder when 4/(-18) + 868/18 is divided by n(1)?
14
Calculate the remainder when (-25)/(825/(-6804)) - (-2)/(-11) is divided by 52.
50
Calculate the remainder when 54 is divided by (196/(-21))/((-1)/3).
26
What is the remainder when 99 is divided by (-195)/(-12) + 1 + 6/(-24)?
14
Let n = 45 - 32. Suppose 3*k - 1 - 23 = 0. Suppose g = 4*i - 15, -3*i - 4*g + k*g = 5. What is the remainder when n is divided by i?
3
Suppose 4*b = -3*c + 13, 3*c = -b + 14 - 13. Calculate the remainder when b is divided by 3.
1
Let w(p) = p**3 + p**2 + p + 4. Let m be w(0). Suppose 9*y - 385 = m*y. What is the remainder when y is divided by 20?
17
Suppose -2*r = 4*r - 24. Calculate the remainder when 5 is divided by r.
1
Let y = 2 - -10. Let l(j) = -7*j - 5. What is the remainder when l(-4) is divided by y?
11
Suppose -12*u + 9 = -39. Let n(t) = 12*t**2 + 2*t + 1. What is the remainder when n(-1) is divided by u?
3
Let c(u) = -u - 3. Let x be c(-8). Suppose -x*f = -28 - 32. Calculate the remainder when 0/(-1) + -1 + f is divided by 4.
3
Let q(m) = -36*m - 1. Calculate the remainder when q(-1) is divided by ((-8)/(-5))/(40/300).
11
Suppose -q = -1, 52 = 3*a + 2*a - 3*q. Let s = a + -4. Let n = -61 - -73. Calculate the remainder when n is divided by s.
5
Let n = 65 + -41. What is the remainder when 141 is divided by n?
21
Suppose 3*q + 206 = 4*u, -4*q + 71 + 149 = 4*u. Let b = -5 + 19. Calculate the remainder when u is divided by b.
11
Suppose -18*i + 193 = 67. Calculate the remainder when i is divided by 5.
2
Suppose -6*g - 2 + 56 = 0. Calculate the remainder when 116 is divided by g.
8
Let t = 37 + 87. What is the remainder when t is divided by 18?
16
Suppose 160 = 2*g + 20. Suppose 3*u = -z + 25, 5*z + u = -3*u + g. What is the remainder when 18 is divided by z?
8
Let n(p) = -20*p. Let i be (-6)/(-2)*2/(-6). Calculate the remainder when n(i) is divided by 11.
9
Suppose -3*r - 3*i = 4 - 16, 5*r = 2*i + 48. Let h(o) = -o**3 + 7*o**2 + 9*o + 5. Calculate the remainder when 50 is divided by h(r).
11
Let v(s) = s**3 + 6*s**2 - s + 1. Let f be v(-6). Calculate the remainder when 43 is divided by f/(-14) - 62/(-4).
13
Let z(r) = 5*r - 5. Let c be -1 + 0 - (0 + -3). Calculate the remainder when 15 is divided by z(c).
0
Let m = -15 + 8. Let f = m - -22. What is the remainder when 58 is divided by f?
13
Suppose 5*y - 333 = -3*k + 259, -4*y = 4*k - 792. What is the remainder when k is divided by 51?
46
Suppose -10 = -4*m + 2. Calculate the remainder when 6 is divided by m.
0
Calculate the remainder when (-2 + 1)/(3/(-48)) is divided by ((-4)/10)/(2/(-30)).
4
Let j be -6 + 7 - (-1 - 66). Suppose -16 + j = 4*i. Let p = 3 - -2. Calculate the remainder when i is divided by p.
3
Suppose -1048 = -6*l - 2*l. What is the remainder when l is divided by 33?
32
Let d(x) = -x + 2. Let f be -1 + (-6)/(-2) + -5. What is the remainder when d(f) is divided by 2?
1
Suppose 5*s - 3*m - 35 = 0, 0 = 3*s - 5*m - 2 - 3. Suppose 2*g - 85 = -3*g. What is the remainder when g is divided by s?
7
Let p(x) = -x**2 - 13*x - 7. Calculate the remainder when 68 is divided by p(-10).
22
Let v(s) = s**3 - 3*s**2 - 8*s + 3. Let g be v(5). Suppose 1 = -d, -t - d + 4*d + 21 = 0. Let n = t - g. Calculate the remainder when n is divided by 2.
1
Suppose 0 = 4*i + i + 5*z - 105, 91 = 5*i - 2*z. Let r be 6/15 + (-56)/(-10). Calculate the remainder when i is divided by (-28)/r*3/(-2).
5
Suppose j = -4*l + 34, -j + 147 = 2*j - 3*l. What is the remainder when j is divided by (-24)/16*8/(-1)?
10
Suppose 3*d - 2 + 5 = 0. Let u(x) = 50*x**2 - 1. Let o be u(d). Suppose g + 5*c = 3, 2*c = -4*g + 53 + o. What is the remainder when g is divided by 15?
13
Let b = 55 + -33. What is the remainder when b is divided by 8?
6
Let i = 60 - 46. Calculate the remainder when 29 is divided by i.
1
Suppose 5*t = 154 - 4. What is the remainder when -9 - (-9 + 7 - 125) is divided by t?
28
Suppose 10*i - 12*i = -26. Let p = -5 - -10. Calculate the remainder when i is divided by p.
3
Suppose 6*n = 7*n - 7. What is the remainder when 17 is divided by n?
3
Suppose 2*b = -3*b - 20. Let p be (-11)/(-3) + (-2)/3. Calculate the remainder when 17 is divided by (p/2)/((-1)/b).
5
Let i = 42 - -12. Suppose -18 = 3*y - i. Let m = y - 2. What is the remainder when 18 is divided by m?
8
What is the remainder when 55 is divided by (1 + -1 + -1)*-19?
17
Let p = 35 - 21. Suppose -3*l + 13 = -p. Calculate the remainder when l is divided by 5.
4
Let w(j) = -j**3 - 2*j**2 - 2*j - 4. Let o be (-5 - -83) + (-2 - 1). Let p = o - 44. What is the remainder when p is divided by w(-3)?
9
What is the remainder when -3*13*6/(-9) is divided by 14?
12
Suppose 8*m - 18 - 342 = 0. What is the remainder when 177 is divided by m?
42
Let s = 3 + 1. What is the remainder when 9 is divided by s?
1
Let o = -4 + -23. Let a = -14 - o. Calculate the remainder when a is divided by 5.
3
Let l be (-50)/60 + 2/(-12). Let w = l - -8. What is the remainder when 27 is divided by w?
6
Suppose 4 = -3*t + 25. Suppose 11*o = t*o + 288. Calculate the remainder when o is divided by 25.
22
Let v be ((-2)/(-2))/(1/(-1)). Calculate the remainder when 8 is divided by -1 + v + 10/2.
2
Let u(r) = r**3 + r**2 + r - 1. Let g(j) = -j**3 - 7*j**2 - 3*j - 3. Let f(b) = -g(b) - 2*u(b). What is the remainder when f(4) is divided by 9?
7
Let n = 23 + -12. What is the remainder when n is divided by 4?
3
Let u = -14 - -30. Suppose 5*i - 2*i - 9 = 0. What is the remainder when (-3)/(-12) - (-60)/u is divided by i?
1
Let s = -107 - -132. Calculate the remainder when 224 is divided by s.
24
Suppose -26 = -5*t + 4. Suppose -t = -3*m + 6. Suppose -3*z = -16 - 5. Calculate the remainder when z is divided by m.
3
Suppose -5*b - 40 = -5*q, 5*b + 35 = 10. Suppose 0*p - 174 = -q*p. Calculate the remainder when p is divided by 15.
13
Let c = -9 - -26. Calculate the remainder when (-6)/1*c/(-3) is divided by 12.
10
Let h = -30 + 41. Calculate the remainder when 175 is divided by h.
10
Let q = 2 - 0. Let o(l) = 2 + l - 2 + q + 4. What is the remainder when 35 is divided by o(6)?
11
Let c(v) = -v**2 - 4*v + 1. Calculate the remainder when c(-3) is divided by 1.
0
Let l(i) = -i**3 - 4*i**2 - 2*i - 6. Let x be l(-4). Suppose -28 = -x*r - 2*r. What is the remainder when 26 is divided by r?
5
What is the remainder when 31 + 12/(-7 + 3) is divided by 10?
8
Let f be 1*1/(-3)*0. Calculate the remainder when 1 + f/(-3) - -9 is divided by 4.
2
Let p(b) = 5*b + 1. Let d = 2 - 0. Suppose -4*c = 5*q - 8*c - 159, -q + 4*c + 35 = 0. What is the remainder when q is divided by p(d)?
9
What is the remainder when 7 + (1 - 3) - -24 is divided by 16?
13
Let t(z) = -9*z - 2. Let s(g) = 5*g + 1. Let b(h) = -9*s(h) - 4*t(h). Suppose -r = -5 + 6. Calculate the remainder when 14 is divided by b(r).
6
Let r = 21 - 5. Suppose -4*m = 5*l - 52, 2*l = 4*m - 2*l - r. Let c = -35 - -49. What is the remainder when c is divided by m?
6
Suppose -2*p + 2*h + 120 = 0, -h - 173 - 64 = -4*p. Let f(w) = w**3 - 14*w**2 + 15*w - 6. What is the remainder when p is divided by f(13)?
19
Suppose -3*a + 2*a = -2. Suppose 6*f - a*f - 36 = 0. What is the remainder when f is divided by 3?
0
Suppose 4*f + r - 9 = 0, -2*f + 4*r = -0*r - 18. Suppose -7*t + 370 = 97. What is the remainder when 19 is divided by 1 - (3 - t/f)?
8
Suppose 0 = 3*q + 6, -2*m + 5*m + 4*q - 1 = 0. Suppose -m*t + 56 = t. What is the remainder when t is divided by 4?
2
Let n = -57 - -63. Calculate the remainder when 29 is divided by n.
5
Suppose -2*c - 4*o + 64 = 0, 2*o - 104 = -4*c + 6. Let d = 7 + 20. Suppose -5*f + d = -2*f. What is the remainder when c is divided by f?
8
Suppose -3*d + 22 = 1. Let z = 14 + d. What is the remainder when 62 is divided by z?
20
Suppose -2*i = -j - 9 - 2, j = -3*i + 24. Suppose -59 - 31 = -3*a + 3*z, z - 120 = -5*a. Calculate the remainder when a is divided by i.
4
Let h = 51 - 35. What is the remainder when (2 + -4)*(-23 + 0) is divided by h?
14
Calculate the remainder when 4/10*(101 + -6) is divided by 10.
8
Let h = -39 - -42. Calculate the remainder when h is divided by 3.
0
Suppose -a - 8 = -5*a. Let d(g) = -2*g**3 - g**2. L